21 + 28/(-98)?
2, 3, 5
Let p(i) = i**2 + i. Let z(s) = -s**3 + 3*s**2 + 4*s + 5. Let t be z(4). List the prime factors of p(t).
2, 3, 5
Let b = 449 + 409. List the prime factors of b.
2, 3, 11, 13
Let a = 16 - 56. Let x = 1 - a. What are the prime factors of x?
41
Suppose 27*x = 4*d + 25*x - 11132, -5*d + 13915 = -5*x. List the prime factors of d.
11, 23
Let w(z) = z**3 - 5*z**2 + 5*z - 15. Let l = -14 - -3. Let u = l - -17. What are the prime factors of w(u)?
3, 17
Let w = 54 - 57. List the prime factors of -3*(-2)/3 + (-3)/w.
3
Let g = -8 - -14. Suppose 0*v + 872 = 5*v + 3*o, 2*v = -4*o + 346. Suppose -g*h + v = -h. What are the prime factors of h?
5, 7
Suppose -l = 2*l + 15. Let g(s) = -s**3 - 5*s**2 + 2*s. Let c be g(l). Let v = 61 + c. List the prime factors of v.
3, 17
What are the prime factors of (-13)/((-273)/(-28))*-837?
2, 3, 31
Let j be (-36)/2 - 5/(-5) - -1. Let q(g) = -3*g**2 + g + 4. Let w be q(3). Let v = j - w. List the prime factors of v.
2
Let o(b) = 2*b**3 - 6*b**2 + 3*b - 2. Suppose 4*x - 19 = -3. What are the prime factors of o(x)?
2, 3, 7
Suppose 2*o - 5*w - 1073 = -300, -4*o + 5*w + 1521 = 0. What are the prime factors of o?
2, 11, 17
Let q(r) = 0*r + 3*r + 52 - 49 + 2*r**2. List the prime factors of q(3).
2, 3, 5
Suppose 0 = 697*u - 690*u - 2100. List the prime factors of u.
2, 3, 5
List the prime factors of 280 - (6 + -2 + 2 + -6).
2, 5, 7
Suppose 0 = -0*w - 2*w - h + 222, -4*w - 4*h + 448 = 0. List the prime factors of w.
2, 5, 11
Let w be (-6)/4 + (-2814)/(-28). Let o = -43 + w. Suppose 2*q + o = 3*r, -4*q - 22 = -r - 0*q. What are the prime factors of r?
2, 3
Let o be 39 + (-1)/((-2)/4). Suppose 5*s + o - 176 = 0. What are the prime factors of (3/(-2))/(s/(-90))?
5
Suppose -4*v = 8, -6*v + 4*v = 3*x - 5564. List the prime factors of x.
2, 29
Let h(f) = 3*f - 6. Let a be h(2). Suppose -4*k = 5*q - 160, 3*q - 5*k - 3 - 130 = a. What are the prime factors of q?
2, 3
Let f be (-4)/(8/(-6)) + -14. Let z(i) = i**2 + 3*i - 20. What are the prime factors of z(f)?
2, 17
Let o(q) = q**2 + 4. Let c be -5*1/(-1) - -1. Suppose 3*l - c*l = -12. List the prime factors of o(l).
2, 5
Let a(w) = w**2 - 13*w + 8. Let z be a(13). Suppose 32 - z = 4*g. Let d(k) = k**2 - 4*k + 16. What are the prime factors of d(g)?
2, 7
Suppose -19*d + 20*d - 4*g - 784 = 0, 5*g - 3094 = -4*d. What are the prime factors of d?
2, 97
Let h(i) = 19*i**2 + 3*i - 10. Let a(x) = -13*x**2 - 2*x + 7. Let l(q) = 7*a(q) + 5*h(q). Let k be l(1). What are the prime factors of 26*1 - (6 - k)?
2, 3
Let j = 17 + -11. Suppose -9*v = -j*v + 6. List the prime factors of -5 + 47 + 0 + v.
2, 5
Suppose -3*k + 12 = -k - 3*d, 4*d = 5*k - 16. Suppose k = -5*n - 3*c + 91, -4*c + 72 = 4*n - 2*c. List the prime factors of n.
17
Let a = 10 - 8. Suppose 14 - a = b. Suppose 13 = 5*l - b. List the prime factors of l.
5
Suppose 4*h = h + 27. Let z be (6/(-4))/(h/(-156)). What are the prime factors of z/2 + (-5 - -5)?
13
Let d(k) = 11*k - 1. Let f be d(1). Suppose -x + 2*y = -f, 2 = x - 2*x - y. Suppose -3*n + 0*j + 4*j = -23, 0 = j + x. List the prime factors of n.
5
Let o = -1184 - -1664. List the prime factors of o.
2, 3, 5
Let r = 151 + -198. Let s = 88 + r. List the prime factors of s.
41
Let a = 687 + 512. What are the prime factors of a?
11, 109
Suppose 2*o + 15 = 5*o. Suppose 21*a - o*a = 1344. What are the prime factors of a?
2, 3, 7
Let h = -1099 + 1135. Suppose 6*u - 3*u - 36 = 0. Let p = h - u. What are the prime factors of p?
2, 3
Let v(w) = -47*w + 191. What are the prime factors of v(-19)?
2, 271
Let u = 3026 - 1078. What are the prime factors of u?
2, 487
Let f(d) = -54*d - 18. Let a be f(-10). Suppose -3*h = 3*h - a. What are the prime factors of h?
3, 29
Suppose -1910 = -36*s + 3814. What are the prime factors of s?
3, 53
Suppose -2*w + 101 = 17. Let j be -10*(-4 - -1)*-1. Let l = w + j. List the prime factors of l.
2, 3
Suppose a - 3*q = 2*a - 10, -5*q + 10 = 0. Let z(l) = 3*l**2 - 2*l + 4. What are the prime factors of z(a)?
2, 11
Suppose -3*l - 114 = -4*m, 3*m + 0*m = -2*l + 94. Suppose -8 = -c + m. Suppose 0 = -32*a + 33*a - c. List the prime factors of a.
2, 19
Let n be (-6)/8 - (26492/(-16) - -4). Suppose n = 16*k - 1293. What are the prime factors of k?
2, 23
Let m(j) be the third derivative of j**5/60 - 4*j**3 - 9*j**2. What are the prime factors of m(10)?
2, 19
List the prime factors of 11*((-60)/(-66))/5 - -553.
3, 5, 37
Let p(x) = -2*x**3 - 13*x**2 - 13*x - 1. What are the prime factors of p(-10)?
829
Let z(a) = 375*a + 92. What are the prime factors of z(5)?
7, 281
Let v(z) = 5*z**2 + 7*z - 23. What are the prime factors of v(-8)?
241
Let t(h) = h + 44. Suppose -3*k = 4*y - 105 + 25, 0 = 5*y + 3*k - 100. What are the prime factors of t(y)?
2
Suppose -17*g = 2073 - 33829. List the prime factors of g.
2, 467
Let u(h) = 121*h + 553. List the prime factors of u(24).
3457
Let h(w) = -w**2 - 8*w + 7. Let v be h(-9). Let b be v/4 + 2185/10. Suppose -5*m + b = 63. What are the prime factors of m?
31
Let o = -43 + 50. Suppose -2*m - w + o = m, -3*w + 3 = 0. List the prime factors of m.
2
Suppose 0 = o - 1500 + 379. Suppose 5*l + 440 = 2*t, -4*t + 2*l + o = t. Suppose 7*s = 2*s + t. What are the prime factors of s?
3, 5
Let u(o) = -10*o + 2. Let k(j) = -3*j + 1. Let i(x) = 11*k(x) - 4*u(x). Let d = 220 + -217. List the prime factors of i(d).
2, 3
Suppose -4*b + 12 = 0, 4*o + 27 = -4*b + 139. What are the prime factors of o?
5
Suppose 0 = -39*m + 35*m + 272. Suppose -67*a - 195 = -m*a. List the prime factors of a.
3, 5, 13
Let s(k) = -k**2 + 23*k + 23. Let i(z) = -2*z + 11. Let x be i(-3). List the prime factors of s(x).
5
Let a be 0 - (-4)/26 - 9269/(-169). Let s = 70 - a. What are the prime factors of s?
3, 5
Let o(t) = -t**3 + 6*t**2 + 7*t + 10. Let r be (18/(-30))/((-2)/30). Suppose -19 = -4*j + r. List the prime factors of o(j).
2, 5
Suppose 3*c + 5*y = 4, y + 2*y + 15 = 4*c. Suppose l - 79 = -c*l - b, -l + 4*b = -24. What are the prime factors of l?
2, 5
Suppose -a - f = a + 163, -5*f = -5. Let r = 195 + a. List the prime factors of r.
113
List the prime factors of 15504/21 + (-32)/112.
2, 3, 41
Suppose -31*z - 4*h - 3988 = -33*z, 0 = 4*z - 2*h - 7952. List the prime factors of z.
2, 3, 331
Let n = 74 + -50. Let k = -1 + n. What are the prime factors of k?
23
Let c be (183/(-9))/((-1)/(-6)). Let o = c - -55. Let i = -32 - o. List the prime factors of i.
5, 7
Suppose h = -22 - 1. Let g = 19 + h. What are the prime factors of (-6)/g*(-92)/(-6)?
23
Let t = 50 + -48. Suppose -2*j = -6, -t*c + c - 4*j + 215 = 0. List the prime factors of c.
7, 29
Let o = -305 + 519. List the prime factors of o.
2, 107
Let h = -4 - -20. Suppose h - 108 = -4*c. Let b = c - 2. What are the prime factors of b?
3, 7
Let q = -63 + 229. Suppose -q = -5*y - 3*i, -4*y + 9*y - 160 = -5*i. What are the prime factors of y?
5, 7
Let l = -388 + 753. List the prime factors of l.
5, 73
Suppose 6*y - 2*y = 232. Let k = 103 - y. What are the prime factors of k?
3, 5
Suppose -38*c = -2084 - 1450. List the prime factors of c.
3, 31
Let x be (2 + -4)/(4/18). Let g(b) = -3*b + 26. List the prime factors of g(x).
53
Let h(m) = 60*m + 62. List the prime factors of h(7).
2, 241
Suppose -25*q + 11*q = -17080. List the prime factors of q.
2, 5, 61
Let i(j) = j. Let g be i(-2). Let q be (4/(-1))/(0 + g). Suppose -57 = -q*k + 23. What are the prime factors of k?
2, 5
List the prime factors of (-1 + 490)/(75/75).
3, 163
Let v(i) = i**2 - 2*i - 5. Suppose 42 = 16*z - 18*z. Let d = 16 + z. What are the prime factors of v(d)?
2, 3, 5
Let w = -78 - -1043. Suppose 3*q + 11*b = 15*b + w, 4*q + 2*b = 1272. List the prime factors of q.
11, 29
Let z(l) = 22*l**3 - 2*l**2 - 4*l - 31. List the prime factors of z(5).
3, 883
Suppose 3*z - 16 + 4 = 0. Suppose 0 = -5*m + z*r - 10 - 2, 4*m + 18 = -r. Let p(a) = a**3 + 6*a**2 + 3*a + 5. List the prime factors of p(m).
5
Suppose -j - 2*j = -4*g - 15, -5*j = 2*g - 25. Suppose -4*o + d + 332 = g, 172 = o + o + d. What are the prime factors of o?
2, 3, 7
Let t = 47 - 39. Suppose -9*o + 12 = -t*o. What are the prime factors of o?
2, 3
Suppose -3*p - p - 66 = -5*l, -5*l + 75 = 5*p. List the prime factors of 889/l - 3/2.
2, 31
Suppose -682 = -3*a + 4553. What are the prime factors